is the remainder when 72 is divided by 64?
8
Calculate the remainder when 446 is divided by 66.
50
Calculate the remainder when 3537 is divided by 236.
233
Calculate the remainder when 374 is divided by 44.
22
What is the remainder when 381 is divided by 77?
73
Calculate the remainder when 4102 is divided by 18.
16
What is the remainder when 271 is divided by 17?
16
Calculate the remainder when 170 is divided by 43.
41
What is the remainder when 1377 is divided by 458?
3
Calculate the remainder when 1098 is divided by 221.
214
Calculate the remainder when 2207 is divided by 48.
47
What is the remainder when 216 is divided by 76?
64
Calculate the remainder when 1581 is divided by 517.
30
What is the remainder when 521 is divided by 53?
44
What is the remainder when 1074 is divided by 106?
14
What is the remainder when 460 is divided by 101?
56
What is the remainder when 130 is divided by 23?
15
What is the remainder when 1018 is divided by 222?
130
What is the remainder when 6116 is divided by 36?
32
What is the remainder when 46 is divided by 14?
4
Calculate the remainder when 17 is divided by 7.
3
What is the remainder when 774 is divided by 38?
14
What is the remainder when 41 is divided by 28?
13
Calculate the remainder when 37 is divided by 31.
6
Calculate the remainder when 19 is divided by 10.
9
Calculate the remainder when 537 is divided by 357.
180
What is the remainder when 460 is divided by 52?
44
Calculate the remainder when 224 is divided by 49.
28
What is the remainder when 3030 is divided by 77?
27
What is the remainder when 121 is divided by 20?
1
Calculate the remainder when 55 is divided by 10.
5
What is the remainder when 132 is divided by 103?
29
Calculate the remainder when 87219 is divided by 178.
177
Calculate the remainder when 160 is divided by 7.
6
Calculate the remainder when 990 is divided by 71.
67
Calculate the remainder when 389 is divided by 2.
1
What is the remainder when 131 is divided by 38?
17
Calculate the remainder when 187 is divided by 64.
59
Calculate the remainder when 24335 is divided by 26.
25
What is the remainder when 768 is divided by 109?
5
Calculate the remainder when 4831 is divided by 44.
35
Calculate the remainder when 138 is divided by 18.
12
What is the remainder when 140 is divided by 20?
0
Calculate the remainder when 1080 is divided by 23.
22
Calculate the remainder when 5263 is divided by 195.
193
Calculate the remainder when 740 is divided by 12.
8
What is the remainder when 1067 is divided by 25?
17
What is the remainder when 238 is divided by 81?
76
Calculate the remainder when 26585 is divided by 11.
9
What is the remainder when 1515 is divided by 409?
288
Calculate the remainder when 179 is divided by 20.
19
Calculate the remainder when 582 is divided by 42.
36
Calculate the remainder when 8876 is divided by 222.
218
Calculate the remainder when 269 is divided by 45.
44
Calculate the remainder when 67 is divided by 40.
27
What is the remainder when 214 is divided by 57?
43
What is the remainder when 417 is divided by 84?
81
Calculate the remainder when 343 is divided by 35.
28
Calculate the remainder when 276 is divided by 34.
4
Calculate the remainder when 326 is divided by 236.
90
Calculate the remainder when 940 is divided by 28.
16
What is the remainder when 4678 is divided by 151?
148
What is the remainder when 775 is divided by 200?
175
Calculate the remainder when 1653 is divided by 7.
1
Calculate the remainder when 580 is divided by 7.
6
What is the remainder when 177 is divided by 61?
55
What is the remainder when 483 is divided by 120?
3
What is the remainder when 614 is divided by 6?
2
What is the remainder when 834 is divided by 226?
156
Calculate the remainder when 31 is divided by 19.
12
Calculate the remainder when 1324 is divided by 254.
54
What is the remainder when 614 is divided by 5?
4
Calculate the remainder when 19972 is divided by 235.
232
What is the remainder when 447 is divided by 15?
12
Calculate the remainder when 83 is divided by 10.
3
Calculate the remainder when 905 is divided by 2.
1
What is the remainder when 131 is divided by 56?
19
What is the remainder when 797 is divided by 42?
41
Calculate the remainder when 53 is divided by 14.
11
Calculate the remainder when 110 is divided by 28.
26
What is the remainder when 275 is divided by 23?
22
What is the remainder when 199 is divided by 62?
13
What is the remainder when 1775 is divided by 12?
11
Calculate the remainder when 1418 is divided by 49.
46
Calculate the remainder when 326 is divided by 7.
4
What is the remainder when 262 is divided by 19?
15
What is the remainder when 417 is divided by 21?
18
What is the remainder when 177 is divided by 39?
21
Calculate the remainder when 262 is divided by 40.
22
What is the remainder when 177 is divided by 45?
42
Calculate the remainder when 291 is divided by 3.
0
What is the remainder when 47 is divided by 26?
21
What is the remainder when 3124 is divided by 46?
42
What is the remainder when 486 is divided by 36?
18
What is the remainder when 215 is divided by 50?
15
Calculate the remainder when 3037 is divided by 45.
22
What is the remainder when 265 is divided by 14?
13
Calculate the remainder when 73 is divided by 5.
3
Calculate the remainder when 7369 is divided by 21.
19
What is the remainder when 1241 is divided by 15?
11
Calculate the remainder when 408 is divided by 18.
12
What is the remainder when 3087 is divided by 769?
11
Calculate the remainder when 4750 is divided by 99.
97
What is the remainder when 826 is divided by 23?
21
Calculate the remainder when 1234 is divided by 19.
18
What is the remainder when 135 is divided by 39?
18
Calculate the remainder when 228 is divided by 47.
40
What is the remainder when 71 is divided by 28?
15
Calculate the remainder when 927 is divided by 88.
47
Calculate the remainder when 1738 is divided by 5.
3
Calculate the remainder when 200 is divided by 71.
58
Calculate the remainder when 191 is divided by 16.
15
Calculate the remainder when 80 is divided by 17.
12
What is the remainder when 705 is divided by 102?
93
Calculate the remainder when 180 is divided by 7.
5
Calculate the remainder when 1189 is divided by 32.
5
Calculate the remainder when 44 is divided by 21.
2
Calculate the remainder when 37 is divided by 30.
7
Calculate the remainder when 264 is divided by 84.
12
Calculate the remainder when 143 is divided by 141.
2
What is the remainder when 721 is divided by 28?
21
Calculate the remainder when 2096 is divided by 100.
96
Calculate the remainder when 1554 is divided by 12.
6
What is the remainder when 2173 is divided by 198?
193
What is the remainder when 259 is divided by 26?
25
What is the remainder when 407 is divided by 12?
11
What is the remainder when 143 is divided by 18?
17
Calculate the remainder when 675 is divided by 238.
199
What is the remainder when 1571 is divided by 5?
1
Calculate the remainder when 776 is divided by 253.
17
What is the remainder when 83 is divided by 6?
5
Calculate the remainder when 12878 is divided by 112.
110
What is the remainder when 11547 is divided by 15?
12
What is the remainder when 19852 is divided by 55?
52
What is the remainder when 900 is divided by 17?
16
Calculate the remainder when 2379 is divided by 17.
16
Calculate the remainder when 5718 is divided by 104.
102
What is the remainder when 573 is divided by 14?
13
What is the remainder when 257 is divided by 71?
44
Calculate the remainder when 53 is divided by 27.
26
Calculate the remainder when 39 is divided by 20.
19
Calculate the remainder when 98 is divided by 25.
23
Calculate the remainder when 1256 is divided by 34.
32
What is the remainder when 489 is divided by 13?
8
What is the remainder when 2780 is divided by 103?
102
What is the remainder when 227 is divided by 95?
37
What is the remainder when 2558 is divided by 8?
6
Calculate the remainder when 1271 is divided by 24.
23
Calculate the remainder when 123 is divided by 15.
3
What is the remainder when 180 is divided by 48?
36
What is the remainder when 7057 is divided by 236?
213
What is the remainder when 45 is divided by 40?
5
Calculate the remainder when 101 is divided by 26.
23
What is the remainder when 177 is divided by 94?
83
Ca